= 2525, 0*f + 7585 = 3*b - 4*f. Let q = b + -1657. What is the hundreds digit of q?
8
Let r = -7120 - -10590. What is the units digit of r?
0
Let x(p) = -p**3 + 5*p**2 + 3*p - 11. Let u be x(5). Suppose -f + 22 = 5*y, 9*f - u*f = -y - 10. Suppose -4*g + y = -3*g. What is the units digit of g?
5
Suppose 4*d + 0*w + 4*w = 16, -3*d = -2*w - 27. Let c(v) = -v**3 + 11*v**2 - 3*v - 43. What is the tens digit of c(d)?
3
Let i be 8/(-4)*(-1 + (-5)/10). Let j be (-3 + 2)*(7 + -7). Suppose -335 = 10*x - 15*x - 5*o, -i*x - 2*o + 196 = j. What is the units digit of x?
2
Let c be (-1498)/(-8) - (-3)/(-12). Suppose -36 = 12*q - 1620. Let v = c - q. What is the tens digit of v?
5
Suppose 0 = -203*r + 202*r + 18. Suppose 13140 = -r*m + 38*m. What is the tens digit of m?
5
Suppose 5*h + 3*o - 87737 = 0, 0 = 211*h - 214*h + 4*o + 52648. What is the tens digit of h?
4
Let u(t) = -52*t + 73. Let z(s) = -s**3 + 15*s**2 + 17*s - 22. Let p be z(16). What is the tens digit of u(p)?
8
Suppose 74*g - 17*g - 431009 = 184249. What is the ten thousands digit of g?
1
Let c be 3 + (-1)/(-4) + 2/(-8). Suppose 5*k - 4*a - 831 = -3*a, -c = 3*a. What is the hundreds digit of k?
1
Suppose 2*j - 2*d - d = 212, -3*j + 280 = 5*d. Let x = -132 + j. What is the units digit of x/(-5) + 33/55?
7
Let i = 2251 - 183. What is the thousands digit of i?
2
Let d be (-62)/(-12) + 3 + 38/(-12). Suppose 4*a + d*q = 1704 - 172, 20 = -5*q. What is the units digit of a?
8
Suppose 2*n + 7 = 3. Let k(s) = 13*s**2 - 5*s - 5. Let p be k(n). What is the units digit of ((-4)/6)/((-2)/p)?
9
Suppose 3*h - 3*a - 306 = -0*a, 3*h + 3*a = 288. Let v = 393 - h. What is the hundreds digit of v?
2
Suppose -5*z + 108 + 137 = 0. Let n be 9/54 - z/6. What is the tens digit of (n - (-12)/3) + 61?
5
Let b(o) = -15*o**3 - 59*o**2 - 59*o - 73. Let n(i) = 7*i**3 + 29*i**2 + 29*i + 37. Let j(y) = 6*b(y) + 13*n(y). What is the units digit of j(-21)?
2
What is the thousands digit of -4*996*(17/(-2) - 0)?
3
Suppose 44*w - 49*w = -10. What is the tens digit of w/(-11) + 8804/22 + -4?
9
Let b be 51/(-136) - 26822/(-16). What is the units digit of b/((-15)/(75/(-10)))?
8
Suppose -34 = -i + 3*t - 7*t, i - 3*t = 6. Let u = 14 - i. What is the units digit of ((-42)/28)/(2/u)?
3
Suppose -14*z + 0*z - 700 = 0. What is the tens digit of 244*(8 - z/(-8))?
2
Let k(t) = 1. Let p(s) = -12*s - 23. Let x(a) = -6*a - 5. Let m be x(-1). Let n(v) = m*p(v) - 3*k(v). What is the tens digit of n(-7)?
5
Suppose -4*i + 9*i = 65. Suppose 2*o - 24 = 6*o + 4*f, -2*f = 3*o + i. What is the tens digit of ((-1)/(-2))/(o/(-68))?
3
Let u = -38 + 40. Suppose -4*z = -o - 2790, 6*z = u*z - 4*o + 2800. Suppose 7*r = 4*r + 3*d + 531, -d + z = 4*r. What is the hundreds digit of r?
1
Let y = -30135 + 39160. What is the tens digit of y?
2
Let f = 1751 + -3376. Let a = 2452 + f. What is the tens digit of a?
2
Suppose -2*q + k = -725, -506 = 5*q + k - 2301. Suppose 2*c - 817 = -3*h, q = h + c + 87. What is the tens digit of h?
7
Let g be 1 + (5/1 - 3). Suppose -4*x + a = -15, 15 = 2*x - g*a + 4*a. Suppose 5*n - 247 - 74 = -p, 305 = x*n + 5*p. What is the units digit of n?
5
Let w = 20468 + -11255. What is the tens digit of w?
1
Let r = 9 - 2. Let a(d) = -2*d**2 + 5*d + 1. Let x be a(r). What is the units digit of x*(-2 + (-2)/(-4))?
3
Let z = 5465 + -752. What is the units digit of z?
3
What is the thousands digit of (4*9/(-27))/((-2)/4266)?
2
Let j(m) = 55*m - 51. What is the units digit of j(82)?
9
Let l = -27 + 35. Suppose 6 = 10*k - l*k. Suppose 4*h - 2*h + 2*c = 354, -2*c - 516 = -k*h. What is the units digit of h?
4
Let b be (-5025)/(-2) - (4 - (-63)/(-14)). Suppose -b = 16*r - 23*r. What is the units digit of r?
9
Suppose 0 = -33*w - 9837 + 37161. Let o = -522 + w. What is the units digit of o?
6
Let a = 47699 + -29016. What is the thousands digit of a?
8
Let k be -1 + 7 + (10 - 18). What is the tens digit of (-78)/(-9)*(-21)/k?
9
Suppose 539959 = 32*w - 361161. What is the units digit of w?
0
Let i(y) be the second derivative of y**5/30 - 11*y**4/12 - 8*y**2 - 11*y. Let f(w) be the first derivative of i(w). What is the units digit of f(12)?
4
Let f(o) = 13*o**2 + 6. Let m(i) = i + 1. Let w(c) = 38*c**2 + c + 21. Let g(l) = 2*m(l) - w(l). Let q(s) = 7*f(s) + 2*g(s). What is the units digit of q(-2)?
0
Let i(d) = d**2 + 11*d + 27. Let y be i(-8). Suppose 3 = 3*c + 9, -3*l - y*c = -198. What is the units digit of l?
8
Let f(x) = -284*x - 3. Let z be f(1). Let l = z - -502. Let r = 369 - l. What is the hundreds digit of r?
1
Let c be (-1)/((-6)/(-9))*8/(-3). Suppose c*f - 710 = -5*w, -w + 5*f + 568 = 3*w. What is the units digit of w?
2
Suppose -3*i + 26 = -0*x + 2*x, -5*i = 2*x - 50. What is the units digit of (-40 + i)*6/(-4)?
2
Suppose 7*u = -2*f + 1529, -4*u - 465 - 987 = -2*f. What is the units digit of f?
0
Suppose 0 = -7*j + 2*j. Suppose j = -5*t - 5*a - 5110, -3*a = t + 2*a + 1030. What is the tens digit of (4/5)/((-17)/t)?
4
Let n = 40664 + -23254. What is the units digit of n?
0
Let t(i) = -25*i**2 - 2*i + 2. Let b be t(1). Let f = b + 31. Suppose -2*x - 376 = -f*x. What is the units digit of x?
4
Let s = 109 - 221. Let q = s - -114. What is the hundreds digit of 8/36 + (q - (-2014)/9)?
2
Suppose 5*p + 0*p = 1475. Suppose -16*k + 21*k - p = 0. Suppose -2*t + 4*g + k = 3*t, 0 = -4*g + 16. What is the units digit of t?
5
Let t = 2902 - 2422. What is the units digit of t?
0
Let n(r) = -50*r**2 - 5*r - 4. Let t(i) = 201*i**2 + 21*i + 17. Let s(j) = -9*n(j) - 2*t(j). Let c be (-12)/14 - (-8)/(-56). What is the units digit of s(c)?
7
Let g = -98 + 102. Suppose -g*l + 200 - 12 = 0. What is the tens digit of l?
4
Let p(d) = -d**2 - 33*d + 71. Let h(b) = -2*b**2 + 3*b + 2. Let s be h(4). What is the units digit of p(s)?
1
Let m = -205 + 211. Suppose -16 = 2*k + 4*u - 0*u, 4*k + 7 = -3*u. Suppose k*v - l = m*v - 705, -2*v - 5*l = -339. What is the hundreds digit of v?
1
Let l(b) = -63*b**3 + 2*b**2 - 8*b + 2. What is the thousands digit of l(-5)?
7
Suppose 5*o - 2*t = 22, 6*o - 10 = 3*o - 2*t. Suppose -45 = -2*m + m + o*w, 5*m - 255 = 5*w. What is the tens digit of m?
5
Suppose -53170 = -5*c + 3*l, -2*c - 3*l + 25551 - 4304 = 0. What is the thousands digit of c?
0
Suppose -3*r + 32669 = -s, r = -4*s + 616 + 10278. What is the units digit of r?
0
Suppose -2289 = -6*p - 15*p. Let g = p + -39. What is the units digit of g?
0
Suppose 2*r = 11*l - 12*l + 11871, r = -l + 5938. What is the thousands digit of r?
5
Let y be (28/42)/((-4)/(-1278)). Let p = y - 96. Let d = 223 - p. What is the hundreds digit of d?
1
Suppose 3*v = -4*j + 2, v - 8 = -v + 4*j. Suppose -4*h + 464 = v*i, -3*h + 2*i = -198 - 143. What is the hundreds digit of h?
1
Suppose -7*h = -8 - 6. Suppose -5*s + h*t = -14, -4 = 2*s + 5*t + 2. Suppose x - s*j - 13 = 0, 2*x = -3*x + 3*j + 65. What is the tens digit of x?
1
Suppose 4*w = -3*x + 37, w + 16 + 15 = 5*x. Suppose x*c + 2628 = c. What is the tens digit of 6/15 - c/5?
8
Suppose 7456 = 4*n - 5*p, -6*n + 5*n = p - 1855. What is the tens digit of n?
5
Let k = 281 - 266. Suppose -280 = -3*c - f, -10*c = -k*c + 4*f + 444. What is the tens digit of c?
9
Let z(c) = 72*c**2 - 82*c + 2287. What is the thousands digit of z(33)?
7
What is the hundreds digit of -3*(-2)/1 + -6 + 12764 - -3?
7
Let n = -107 - -109. Suppose 6*z - n*z - 2*w = 650, 4*z = w + 653. What is the hundreds digit of z?
1
Let j(z) = 2*z + 16. Let p be j(-6). Let m(n) = n**3 - 5*n**2 + 7*n + 1. What is the units digit of m(p)?
3
Suppose a - 2*g = -7, -5*g - 10 = 4*a - 47. Suppose -a*o = -p + 18, -8*p + 32 = -6*p - 4*o. What is the tens digit of ((-39)/p - -2)/(1/(-52))?
6
Let u(n) be the second derivative of 0 + 24*n - 5*n**3 - 7/2*n**2. What is the tens digit of u(-4)?
1
Let q(n) = -2*n - 29. Let j be q(-18). Let u(x) = 14 - 2*x + j*x + 0*x - 3*x. What is the units digit of u(12)?
8
Let j = 9087 + 32455. What is the ten thousands digit of j?
4
What is the tens digit of -7 - (4/12 - ((-1389968)/(-24) - 0))?
0
Suppose -558514 = -394*w + 989906. What is the tens digit of w?
3
What is the hundreds digit of 6/(-3)*619*-20?
7
What is the thousands digit of 68964/9 + 340/255?
7
Let z(x) = -243*x - 352. What is the tens digit of z(-6)?
0
Let s(n) = 62*n**2 - 3*n - 124. What is the tens digit 